4*l + 3*q, 88 = l + 2*q. What is the units digit of l?
2
Suppose 5*i = -2*c + 97, c - 5*c - i = -221. What is the units digit of ((-3)/2)/((-12)/c)?
7
Suppose 4*k + 16 = d, -5*d - k = 3*k + 16. Suppose 4*p = -d*p + 16. Suppose -36 = -p*f - 0*f. What is the units digit of f?
9
Suppose 5*r + 0 = -5. Let z be 36 + (-1 + 1)*r. Suppose -4*b + z = -0*b. What is the units digit of b?
9
Let l = -7 + 8. What is the units digit of (-8 + 0)*l/(-2)?
4
Suppose 5*q + 79 = 4*a, 8*a - 3*a - 4*q - 92 = 0. What is the units digit of a?
6
Let o be (1 + (1 - 3))*-4. Let k(q) = 3 + 3 - o*q + 3 - 3*q - 8*q**2 - q**3. What is the units digit of k(-7)?
9
Suppose 0 = -2*t - 4*d + 4, -t - 4*d = -3 - 3. What is the tens digit of (-9)/(-3) - t*11?
2
Let o(w) be the first derivative of w**4/4 + 7*w**3/3 - 2*w**2 - 8*w - 3. What is the units digit of o(-7)?
0
Let j be (-1)/(-2)*18/3. Suppose 30 = 5*o - 2*y, -j*o + 0*y + 4 = -4*y. What is the units digit of o?
8
Let t(m) = m**3 + 11*m**2 + 10*m + 1. Let b be t(-10). What is the tens digit of b + (-9)/((-9)/14)?
1
Suppose 2*i - 176 - 58 = 0. What is the units digit of i?
7
Let m = 98 + -53. Let v = 71 - m. What is the tens digit of v?
2
Let c(q) = -201*q**3 - 3*q**2 - 4*q - 1. What is the units digit of c(-1)?
1
Let p(a) = -a + 3. Let k be p(7). Let g = -1 - k. Suppose 18 = -0*v + g*v. What is the units digit of v?
6
Let k(c) = -13*c**2 + 6*c + 3. Let m(l) = -39*l**2 + 17*l + 8. Let d(p) = 11*k(p) - 4*m(p). What is the tens digit of d(1)?
1
Suppose 3*i + 18 + 3 = 3*a, 3*i - 35 = -5*a. Let w = -13 + a. What is the units digit of (-45)/w - (-1)/2?
8
Let d(t) = t**3 - 4*t**2 - 8*t + 3. Let g be d(5). Let p be (0 - -1)/((-6)/g). Suppose x = -5*m + 14, p*x = -0*x - 2*m + 20. What is the units digit of x?
9
Let k(n) = -n**2 - 7*n + 1 - 1 + 3 + 1. What is the units digit of k(-7)?
4
Let z be 1/2 - 25/(-10). Suppose -4 = -2*k, 5*k = 2*y + z*y - 10. Suppose 3*j - y - 11 = 0. What is the units digit of j?
5
Let p(d) = -d + 1. Let s be p(-5). Let o = 20 + s. What is the units digit of o?
6
Let n be (-177)/(-3) + 2 + -1. Suppose 0 = -2*b - 3*b + n. What is the units digit of b?
2
Suppose w - 40 = 6*w. What is the units digit of 4/(-3)*6/w?
1
Suppose -h + 6*h = 430. Let f = h - 46. What is the units digit of f?
0
Let i = -14 - -17. What is the units digit of i?
3
Let g(j) = -8*j**2 + 16*j - 31. Let d(k) = 3*k**2 - 5*k + 10. Let u(z) = -11*d(z) - 4*g(z). What is the units digit of u(-10)?
4
Suppose -2*u + 0*u - 10 = -2*k, -k - 3*u = 3. Suppose -g = -33 - 0. Suppose g = 2*x + 2*f + f, -42 = -3*x - k*f. What is the units digit of x?
9
Let x(c) = -c**2 + 12*c - 9. Let b(m) = -m**2 + 11*m - 8. Let r(f) = 3*b(f) - 2*x(f). What is the units digit of r(6)?
2
Suppose -3*o - 2715 = -18*o. What is the tens digit of o?
8
Suppose -2*l - 3*l = -j - 31, 3*l + 4*j - 37 = 0. Suppose -s = -6 - l. What is the tens digit of s?
1
Suppose -4*f - 2*j = -18, 5*f + 5 = 4*j - 5. Suppose 0 = 3*k + 12, 4*k + 2 = f*l - 20. Suppose l*d + 17 = 47. What is the units digit of d?
0
Let x(h) = -h**3 + 10*h**2 - 8*h + 2. Let r = 1 + 8. What is the units digit of x(r)?
1
Let h = 5 + 1. Suppose 0 = -3*k + 6 + 3. Suppose -h = -k*d + 15. What is the units digit of d?
7
Let o = -334 - -162. What is the units digit of (-2)/(-11) + o/(-22)?
8
Let s(h) = -h - 6. Let k be s(-9). What is the units digit of 5 - (3 + (-9)/k)?
5
Let r be 47/5 + 2/(-5). Let q = 14 - r. What is the units digit of q?
5
Let q(f) = 14*f. What is the tens digit of q(6)?
8
What is the hundreds digit of 127 + (-1 + -2 - -4)?
1
Let x = -19 - -19. Let p = x - -38. What is the units digit of p?
8
Let z = -3 - -6. What is the units digit of z?
3
Suppose 0 = -0*u + 5*u - 150. What is the units digit of u?
0
Let p = -35 + 87. Suppose -215 = -2*b - 2*b - 3*h, p = b - h. What is the units digit of b?
3
Let o(p) = p**3 - 5*p**2 - 3*p - 2. Let i be o(6). What is the units digit of 3/(-1) + 3 + i?
6
Suppose 3*c - 4*f = 358, -c + 5*f = 2*c - 362. What is the tens digit of c?
1
Let i be 1*(3 + -8 + 3). What is the tens digit of (-4)/i + -1 + 11?
1
Let j be (-3 + 5 - 8)/1. Let o = 9 + j. What is the units digit of o?
3
Suppose -3*t = -9, 4*u - 4 + 21 = 3*t. What is the units digit of (0 + -2)/(u/9)?
9
Suppose 0*y - 2*y = -56. What is the tens digit of y?
2
Let f = 14 + 5. Let y = -8 + f. What is the units digit of y?
1
Let g = 10 + 35. What is the units digit of g?
5
Let r = 31 - 25. What is the units digit of r?
6
Suppose 9*m - 4*m + 15 = 0. Let u = 2 - m. What is the units digit of u?
5
Let l(k) = k**2 + 2*k. Let w be l(-9). What is the units digit of (w/14)/(1/2)?
9
Let j(b) = 18*b**2. Suppose -4*p = -p + 3. What is the tens digit of j(p)?
1
Let b = -20 + 58. Suppose -w = -3*a - 64, w - 2*w = -1. Let y = a + b. What is the units digit of y?
7
Let d(p) = -11*p - 12. What is the hundreds digit of d(-14)?
1
Let q(m) = -m**3 + 6*m**2 - 4*m + 2. Let a(d) = -d + 3. Let v be a(0). Suppose 3*k - 12 = 0, -v*r + 3*k + 1 + 2 = 0. What is the units digit of q(r)?
7
Let c be (-44)/(-20) - (-2)/(-10). Let w be (-2)/(-8) + 9/12. What is the units digit of 2 + w*(c - -3)?
7
Let n = 46 + -41. What is the units digit of n?
5
What is the units digit of (12/15)/((-2)/(-75))?
0
Suppose -4*t + 0*t + h + 579 = 0, -4*h + 20 = 0. What is the units digit of t?
6
Let g = 2 - 2. Let k(d) = g + 2*d - 1 - 4. What is the units digit of k(4)?
3
Let c(p) = p**2 + 4*p - 6. Let w be (0 - 6) + (-2 - -3). Let h be c(w). Let f(d) = -4*d - 1. What is the units digit of f(h)?
3
What is the units digit of (42/(-8))/((-6)/16)?
4
Let j(l) = l**2 - 5*l. What is the tens digit of j(7)?
1
Let i(g) = -g - 11. Let y be i(-8). Let l(c) = c + 4. What is the units digit of l(y)?
1
Suppose 0*q - 3*r = 5*q + 277, 5*q + r + 279 = 0. Let m = -28 - q. What is the units digit of m?
8
Suppose 3 + 3 = -2*a + 5*l, a - 2*l = -1. What is the units digit of a?
7
Let l = -22 + 26. Suppose -6*d = -l*d - 44. What is the units digit of d?
2
Let v(c) = 5*c**2 + 4*c + 3. Let q be v(-2). Suppose 3*g + 0*g = q. Suppose -35 = -0*t - g*t. What is the units digit of t?
7
Let i = -18 + 33. Let n(m) = -2*m - 5. Let l be n(-5). Suppose -f - u + 6 = 0, -4*f + l*u = -36 - i. What is the units digit of f?
9
Let p = 155 - 103. Suppose 0*a = -2*a + p. What is the units digit of a?
6
Let s be (-3 + 1)/(6/9). Let q be 3 + 37*s/(-3). Let i = -24 + q. What is the tens digit of i?
1
Let p = 81 + -45. What is the units digit of 314/12 - 6/p?
6
Suppose 5*n = -3*t + 13, -4*t + 3*t = -5*n + 29. Suppose m + 3*x - 10 - 10 = 0, -4*x = -n*m + 5. Let w(l) = -l**2 + 8*l - 7. What is the units digit of w(m)?
8
Suppose -2*n = n - 513. What is the units digit of n?
1
What is the units digit of 11 - (-6*1 - -4)?
3
Let t(q) = -q + 1. Let n be t(-6). Suppose -n = -2*x + 7. What is the units digit of x?
7
Suppose u - 5*m = 30, -2*u + 6*u - 66 = 2*m. What is the tens digit of u?
1
Suppose 2*s - m + 3*m - 50 = 0, m = -2*s + 53. What is the units digit of s?
8
Suppose -22 = -11*b + 9*b. Suppose 0*m + 5*m = -25. Let k = m + b. What is the units digit of k?
6
Let m(k) = -3*k**3 - 2*k**2 + k + 2. Let j be m(-2). Let c = j - 7. What is the units digit of c?
9
Suppose -1035 = -9*t + 4*t - x, 414 = 2*t + 4*x. What is the tens digit of t?
0
Let b = -49 - -75. What is the tens digit of b?
2
Let c be 1/(3/(-18)*1). Let o(y) = -2*y - 9. What is the units digit of o(c)?
3
Let z(y) = -y**2 + 19*y - 17. What is the units digit of z(13)?
1
Suppose -3 = -t - 4*y, -3*y = -3*t - 0*y + 69. What is the units digit of t?
9
Let s(r) = -r**2 + 9*r + 6. Let g be s(7). Suppose 0 = 4*u + g, -v - v + 29 = -3*u. Suppose v = -3*q + 19. What is the units digit of q?
4
Let p(i) = i**2 + 2*i - 1. Let s be p(-3). Suppose -11 = a + 3*r, -4*r - 14 = 4*a - s*r. What is the units digit of (-4 + 3)*4/a?
2
Let i = -11 + 15. Let s(o) = -o + 9. Let a be s(6). Suppose -16 = -i*f, a*f = 3*m - m + 2. What is the units digit of m?
5
Let y = -8 - -8. Suppose 0 = -r + 1 - y. What is the units digit of r?
1
Let s(u) = 2*u - 1. Let j be s(1). Let b = 9 - j. What is the units digit of b?
8
Let j(w) be the first derivative of -w**3/3 - 2*w**2 + 7*w + 3. What is the units digit of j(-5)?
2
Suppose 2*c + 1 = o, c - 4*o = -4*c - 10. Let t(g) = -5*g - 7. Let i be t(-8). Sup